{"id":22,"date":"2011-03-27T10:07:10","date_gmt":"2011-03-27T08:07:10","guid":{"rendered":"http:\/\/www.storborgarn.se\/wordpress\/?page_id=22"},"modified":"2015-07-01T20:17:29","modified_gmt":"2015-07-01T18:17:29","slug":"bilder","status":"publish","type":"page","link":"https:\/\/storborgarn.se\/wordpress\/byn\/bilder\/","title":{"rendered":"Bilder"},"content":{"rendered":"<p>Bilder fr\u00e5n byn<\/p>\n<p><img decoding=\"async\" class=\"ngg_displayed_gallery mceItem\" src=\"http:\/\/www.storborgarn.se\/wordpress\/nextgen-attach_to_post\/preview\/id--230\" alt=\"\" \/><\/p>\n<p>&nbsp;<\/p>\n<p>2014 fr\u00e5n G\u00f6stas kamera<\/p>\n<p><img decoding=\"async\" class=\"ngg_displayed_gallery mceItem\" src=\"http:\/\/www.storborgarn.se\/wordpress\/nextgen-attach_to_post\/preview\/id--305\" alt=\"\" \/><\/p>\n","protected":false},"excerpt":{"rendered":"<p>Bilder fr\u00e5n byn &nbsp; 2014 fr\u00e5n G\u00f6stas kamera<\/p>\n","protected":false},"author":1,"featured_media":0,"parent":5,"menu_order":0,"comment_status":"closed","ping_status":"closed","template":"","meta":{"footnotes":""},"class_list":["post-22","page","type-page","status-publish","hentry"],"_links":{"self":[{"href":"https:\/\/storborgarn.se\/wordpress\/wp-json\/wp\/v2\/pages\/22"}],"collection":[{"href":"https:\/\/storborgarn.se\/wordpress\/wp-json\/wp\/v2\/pages"}],"about":[{"href":"https:\/\/storborgarn.se\/wordpress\/wp-json\/wp\/v2\/types\/page"}],"author":[{"embeddable":true,"href":"https:\/\/storborgarn.se\/wordpress\/wp-json\/wp\/v2\/users\/1"}],"replies":[{"embeddable":true,"href":"https:\/\/storborgarn.se\/wordpress\/wp-json\/wp\/v2\/comments?post=22"}],"version-history":[{"count":0,"href":"https:\/\/storborgarn.se\/wordpress\/wp-json\/wp\/v2\/pages\/22\/revisions"}],"up":[{"embeddable":true,"href":"https:\/\/storborgarn.se\/wordpress\/wp-json\/wp\/v2\/pages\/5"}],"wp:attachment":[{"href":"https:\/\/storborgarn.se\/wordpress\/wp-json\/wp\/v2\/media?parent=22"}],"curies":[{"name":"wp","href":"https:\/\/api.w.org\/{rel}","templated":true}]}}